uppose 5 = 4*o + 1, o + 2 = -3*d. What is the remainder when w is divided by 10 - (-1 + 1 + d)?
10
What is the remainder when 1984/28*(-1)/(8/(-28)) is divided by 51?
44
Let q be ((-1)/(-4)*0)/(-2). Suppose q = -27*u + 23*u + 32. Calculate the remainder when 77 is divided by u.
5
Let v(m) = 32*m + 549. Calculate the remainder when 140 is divided by v(-17).
0
Suppose -2*p + 6 + 142 = -2*v, p - 4*v - 80 = 0. Calculate the remainder when p is divided by 19.
15
Suppose 9 + 18 = c. Let x = 39 + -44. Calculate the remainder when c is divided by (-18)/(-30) + (-47)/x.
7
Suppose 0 = -4*a + 6 + 10. Suppose u = -a*u + 25. Let y = -14 + 27. What is the remainder when y is divided by u?
3
Let h = 59 + -45. What is the remainder when 51 is divided by 7/h*-2*-13*1?
12
Let l = -170 + 298. Calculate the remainder when l is divided by 39.
11
Let g(z) = z**2 - 7*z + 4. Let l be g(7). Let s be ((-140)/(-7))/(l/14). Suppose 5*p - s = -10. What is the remainder when 23 is divided by p?
11
Suppose 2*f = -5*o + 80, -2*o + 2 = -o. Let b = -635 + 772. What is the remainder when b is divided by f?
32
Suppose 0 = 5*k, -5*o - k + 3*k = -35. Let b = 43 - o. Suppose -5*c + 61 + b = 3*z, 90 = 2*z - 3*c. What is the remainder when z is divided by 20?
19
Suppose -34 = -4*h - 2*z, -2*h - 5*z + 43 = h. Calculate the remainder when 42 is divided by 30/(7/(21/h)).
12
Suppose 0 = 4*t - c - 130, 5*t = 7*c - 3*c + 168. Calculate the remainder when 72 is divided by t.
8
Let u(x) = 2*x**2 + 6*x + 8. Let c(p) = -p + 2. Let n be c(6). Calculate the remainder when u(n) is divided by 10.
6
Let x(v) = 15*v - 19. Let d(h) = h**3 + 7*h**2 - 9*h - 5. Let a be d(-8). Calculate the remainder when x(a) is divided by 14.
12
Suppose 138*q = 116*q + 3278. What is the remainder when q is divided by 20?
9
Let x be -64*(21/(-6) - -4). Let l = -23 - x. Suppose 2*k = -k + 105. Calculate the remainder when k is divided by l.
8
Let j(h) = -40*h - 1. Let o be j(-1). Let k = o + -28. What is the remainder when 19 is divided by -1 + k/2*2?
9
Suppose 3 = -i - 2*r, -3*i - r = -5*i - 21. Calculate the remainder when 14*(4*i)/(-6) is divided by 26.
6
Let f = 53 + 21. Calculate the remainder when 144 is divided by f.
70
Let t = -4 - -11. Calculate the remainder when 8 + 3/(27/72) is divided by t.
2
Suppose -2*l = -4*d + 186, -23*d + 5*l - 172 = -26*d. What is the remainder when 137 is divided by d?
39
Let y = 1175 - 654. Let h = -342 + y. Calculate the remainder when h is divided by 60.
59
Suppose 4*q - 141 = 5*y, 2*q - 13*y = -11*y + 72. What is the remainder when q is divided by 5?
4
Let f = -157 + 161. What is the remainder when 4 is divided by f?
0
Let s(i) = -2*i**3 - 8*i**2 - i + 9. What is the remainder when 43 is divided by s(-4)?
4
Calculate the remainder when 40 is divided by (-1 - -2)/(-1) - -14.
1
Let y = -1687 - -1700. Calculate the remainder when 427 is divided by y.
11
Suppose -3*w + 2*w - 6 = 0. Let x(r) = r**2 + 3. Calculate the remainder when x(w) is divided by 10.
9
Let r(h) = -6*h**2 + 4*h**2 + 2*h + 2 - 4*h**2. Let u be r(3). Calculate the remainder when (-5)/10*(0 + u) is divided by 12.
11
Suppose 15*j - 9*j = 90. Calculate the remainder when 178 is divided by j.
13
Let d(j) = j**3 + 6*j**2 + 9. Let g be (-20)/3 - (-8)/(-24)*-2. Calculate the remainder when 15 is divided by d(g).
6
Let d(h) = 2*h + 1. Let l(n) = -n**3 + 6*n**2 + 9*n - 5. Let k be l(7). What is the remainder when k*(2 - 48/(-9)) is divided by d(8)?
15
Suppose 3*j = 5 - 8. What is the remainder when j + (243/5 - 8/(-20)) is divided by 25?
23
Calculate the remainder when ((-75)/(-2))/((-2)/(-4)) is divided by (-26)/(-6) - ((-2)/(24/212) + 16).
3
What is the remainder when 6/24 + (-26639)/(-68) is divided by 130?
2
Let h = 6861 - 6815. Suppose 109 + 163 = 2*w. What is the remainder when w is divided by h?
44
Suppose 0 = -3*w - 9, 4*n + 5*w = 4*w - 107. Let u = n - -54. Calculate the remainder when u is divided by 8.
4
Suppose 8852*x + 184 = 8860*x. Suppose 2*f + 0*f = 130. Calculate the remainder when f is divided by x.
19
Let u(v) = v**3 - v - 1. Let d(r) = 6*r**3 - 2*r**2 - 2. Let q(l) = -d(l) + 2*u(l). What is the remainder when q(-2) is divided by 15?
14
Let w = 7 - 24. Suppose o - g = 8 + 56, 2*o - 5*g = 134. What is the remainder when o is divided by (3 + -2)*(-1 - w)?
14
Let d be (-4)/(-4) + -1 + 4. Calculate the remainder when 35 is divided by 57/(-21) + d/(-14) - -21.
17
Suppose 5*s = -2*u + 193, 0 = 6*u - 7*u - 5*s + 99. Calculate the remainder when u is divided by 8.
6
Let i = -30 - -149. Let g = -40 + i. Calculate the remainder when g is divided by 20.
19
Let z(x) = 2*x**3 + x**2 - 2*x + 62. Let c be -1*(-4 - (0 - 1)). What is the remainder when z(0) is divided by (1*c)/((-3)/(-16))?
14
Let y = 56 - 103. Let o = 73 + y. Calculate the remainder when o is divided by 16.
10
Let s(r) be the second derivative of r**3/6 - r**2 - 6*r. Let u be s(4). Let g = 17 + u. What is the remainder when g is divided by 10?
9
Let a = -27 - -8. Let n = 24 + a. Suppose 3*r - 15 = 0, -n*p + 6*r = 2*r - 75. What is the remainder when 73 is divided by p?
16
Calculate the remainder when 232 is divided by ((-132)/15 + -6)/(2/(-10)).
10
Suppose -3*b + 351 + 63 = 5*h, -4*h - 387 = -3*b. Calculate the remainder when b is divided by 15.
13
Suppose -17*w + 351 = -363. Calculate the remainder when 71 is divided by w.
29
Let w be 6 + (-1 + 10)/(-3). Suppose -n - w*f + 29 = -2*f, n = 3*f + 17. Calculate the remainder when n is divided by 7*-1*(1 + -3).
12
Let n(r) = -r**2 + 2*r + 5. What is the remainder when 38 is divided by n(2)?
3
Let i(z) = 5*z + 95. What is the remainder when i(-8) is divided by 28?
27
Suppose -560 = -26*b + 19*b. What is the remainder when b is divided by 42?
38
Calculate the remainder when (2 - -782) + 31 + -26 is divided by 66.
63
Let u = 196 + -84. What is the remainder when u is divided by 23?
20
Suppose c = -3*c + 24. Suppose -f + c = 2*f. Calculate the remainder when 2 is divided by f.
0
Suppose 4*f + 294 + 142 = 0. Let y = -42 - f. Calculate the remainder when y is divided by 17.
16
Suppose 3*f + 3 = 0, -4*y + 4*f = 5*f - 7. Suppose 5*i + 71 = 2*t, y*t - 30 = t - 3*i. What is the remainder when t is divided by 12?
9
Suppose 2*d - 2*k = k + 241, 452 = 4*d + 4*k. What is the remainder when d is divided by 13?
12
Suppose 7*x = 11*x - 20, 5*b - 4*x - 165 = 0. Calculate the remainder when 554 is divided by b.
36
Suppose 0 = -2*s + 35 + 1. Suppose -9 = -m - 5. Calculate the remainder when s is divided by m.
2
Suppose -3*t + 1008 = -2*j, 0 = 4*t + 6*j - j - 1321. Calculate the remainder when t is divided by 67.
66
Let v(j) = -63*j + 404. Let w = -222 + 400. Calculate the remainder when w is divided by v(6).
22
Let y(o) = o**2 - 5*o + 9. Let i be y(6). Suppose 0 = -18*l + 22*l + 44. Let b = i + l. What is the remainder when 7 is divided by b?
3
Calculate the remainder when 314 is divided by (424/8)/(-6*(-2)/12).
49
Let j = 3 + 0. Suppose -j*g + 84 = 2*c - 5*c, -3*c = -2*g + 55. Let f = -17 + g. What is the remainder when f is divided by 5?
2
Suppose -3*j + 38 = 4*f - 17, -4*j - 3*f + 64 = 0. Suppose -79 = -5*i + 2*z + 367, -2*i = 3*z - 186. Calculate the remainder when i is divided by j.
12
Let j(d) = -17*d - 1. Let v be j(-1). Suppose 0 = -3*t + 2*t + v. Let i(o) = -6*o + 1. What is the remainder when i(-5) is divided by t?
15
Suppose -3*v = -2*v - 3*o + 80, -5*v - 310 = 3*o. Calculate the remainder when v*(1/3)/(5/(-9)) is divided by 7.
4
Let d(j) = j - 4. Suppose -17 = -4*o - 5*p, 17*o + p + 8 = 20*o. Calculate the remainder when d(9) is divided by o.
2
Let x(m) = m**2 - 20*m + 165. Calculate the remainder when x(9) is divided by 16.
2
Suppose 2*b + 44 + 46 = 5*w, -4*w + 4*b = -84. Suppose 0*h - 188 = -4*s - 2*h, -5*h + 10 = 0. Calculate the remainder when s is divided by w.
14
Let x(w) be the second derivative of 7*w**4/12 + w**2/2 + 3*w. Let s = 3 + 11. What is the remainder when s is divided by x(-1)?
6
Suppose 2*b - 5*i = 303, 11*i = 3*b + 13*i - 407. Calculate the remainder when b is divided by 32.
11
Suppose -3*q = 18 - 51. What is the remainder when 28 is divided by q?
6
Suppose 2*f - 291 = -5*a, 2*a - 125 - 22 = -f. Let g = f - 76. What is the remainder when g is divided by 21?
14
Let g(b) = 3*b**2 + 4*b + 7. Supp